 + 3*i + 40 = 5*m, -4*m + 5*i + 14 = 0. Let r(x) = 4*x**2 - 4*x + 7. What are the prime factors of r(m)?
127
Let u = -262 - -3563. What are the prime factors of u?
3301
Suppose -2*g - 25 = -5*a - g, 0 = 5*a + 3*g - 5. Suppose a*m - 3*u + 21 = -7, 16 = 4*u. What are the prime factors of m/(-2) - (1 - 3)?
2
Suppose -3*s = -x + 1505, -8*x - 3*s = -10*x + 3013. List the prime factors of x.
2, 13, 29
List the prime factors of 3 + -5 + (72514 - 44).
2, 3, 11, 61
Let w(p) = 2267*p - 2926. List the prime factors of w(12).
2, 61, 199
Suppose -17 = -4*m - u, -11 = 3*m + 4*u - 8*u. Suppose 3093 = 5*b + 2*o - o, -m*b + o = -1859. List the prime factors of b.
619
Let v(i) = -i**3 - 9*i**2 + 13*i. Let a be v(-9). Suppose -4*x + 154 = -2*y, 3*y = -x - 25 - 185. Let t = y - a. List the prime factors of t.
2, 23
Let n = 377 + -375. What are the prime factors of (13/n)/(8/(911 - -1))?
3, 13, 19
Let q be 2/(2 + 0)*(43 - 41). Suppose -3*c = s - 19, 3*s - 3*c = q*s - 11. Suppose i = -s*i + 100. What are the prime factors of i?
2, 5
Suppose -3*r + 19 = -5*f - 5, 2*r = -f - 10. What are the prime factors of (-9)/f*(-1272)/(-9)?
2, 53
Let t(n) = 5*n**3 + 13*n**2 - 2*n - 24. Let l be t(7). Suppose 414 = 4*a - l. List the prime factors of a.
2, 11, 31
Let o be (-2)/(-3*4/(-666)). Let j = -114 - o. What are the prime factors of (1 - 7)/(j/30)?
2, 3, 5
Let g = 56 + -44. Let l be g + -2*(5 + -3). Suppose l*r + 59 = 9*r. List the prime factors of r.
59
Suppose 16*i + 4*r - 41956 = 12*i, 0 = i + 4*r - 10486. What are the prime factors of i?
2, 5, 1049
Suppose 4*f = -4*t + 18568, -15*f + 21*f - 2*t - 27812 = 0. List the prime factors of f.
4637
Let h = -21 + 21. Suppose -3*k + h*k + 15 = 0. Suppose y - 57 = -4*j - 8, 2*j + 355 = k*y. What are the prime factors of y?
3, 23
Suppose 29094 = 2*l - 5*p, 17*l = 13*l - p + 58232. List the prime factors of l.
14557
Suppose 83510 = 2*u - 2*v, -163707 + 38435 = -3*u + 2*v. What are the prime factors of u?
2, 7, 19, 157
Let j = 69822 - 28012. List the prime factors of j.
2, 5, 37, 113
List the prime factors of ((-6)/(-8)*1874176/112)/((-42)/(-147)).
2, 3, 7321
Let y = 12038 + -5209. List the prime factors of y.
6829
Let m(k) = -9*k**2 + 19*k - 6*k - 25*k - 9. Let g be m(-4). List the prime factors of (42/10)/((-7)/g).
3, 7
Let h(q) = q**2 - 40*q - 38. Let c be h(10). Let s = c - -1067. What are the prime factors of s?
3
Let k(x) = 2*x**2 - 27*x - 11. Let o be k(14). Suppose 29 = -o*d + 2. List the prime factors of d/((1 - 1) + 17/(-119)).
3, 7
Suppose -28*h + 17*h - 46992 = -15*h. What are the prime factors of h?
2, 3, 11, 89
Suppose -2*p + 118410 = 8*z, -z = -47*p + 50*p - 177659. What are the prime factors of p?
59221
Let f = 2735 - 1745. What are the prime factors of f?
2, 3, 5, 11
Let j(f) = -3*f + 437. List the prime factors of j(40).
317
Let d = -871 - -7161. What are the prime factors of d?
2, 5, 17, 37
Let p be ((-366)/(-18))/((-6)/(-18)). Let z = 8 + p. What are the prime factors of z?
3, 23
Let m(a) = 52*a**2 - 74*a - 617. List the prime factors of m(-9).
4261
Let c = 129 - 130. What are the prime factors of -3*((1 - c) + 292/(-3))?
2, 11, 13
Let i(v) = v**3 + 8*v**2 + 6*v + 9. Suppose 0*d + 3*d = 3*b + 3, 3*d = 6. Let y be -4 - (b + -3 + 4). What are the prime factors of i(y)?
3, 5
Let v(s) = 2*s**3 - 5*s**2 - s. Let y be v(8). Suppose -3*n - 269 + 1141 = -5*j, 4*j = 2*n - y. Let g = j + 308. What are the prime factors of g?
2, 17
List the prime factors of ((-12)/18)/(245632/49128 + -5).
2, 23, 89
Suppose l + 59 = 3*v - 12, -5*v + 325 = -5*l. Let k = 77 - l. What are the prime factors of k?
139
Suppose 15*x + 52370 = 3*g + 17*x, 5*g - 87278 = -4*x. List the prime factors of g.
2, 8731
Let n = -8 - -11. Suppose -231 + 648 = n*m. Suppose m = 8*q + 43. What are the prime factors of q?
2, 3
Let x = -4191 + 5875. Let d = 2456 - x. What are the prime factors of d?
2, 193
Suppose -4*t + 3*n + 13649 = 0, 353 = -4*t + 4*n + 13997. What are the prime factors of t?
2, 7, 61
Let b(j) be the third derivative of 0*j + 0 - 13/6*j**3 + 1/8*j**4 + 15*j**2 + 1/120*j**6 + 3/20*j**5. What are the prime factors of b(-6)?
7, 11
Let p = 25103 - 12881. List the prime factors of p.
2, 3, 7, 97
Let l be 4 + 18/(-5) + 3402/(-30). Let x = l + 117. List the prime factors of x.
2
Let s = 10336 + -7519. List the prime factors of s.
3, 313
Let i = -29526 - -44808. What are the prime factors of i?
2, 3, 283
Let y(x) = 7*x**2 + 11. Suppose 3*l = 2*u - 12, -5*u - 14 = 3*l - 65. Let h be y(u). List the prime factors of h/10 - 4/(-20).
2, 29
Suppose 2*a - 37900 = -3*p + 85345, 5*p - 205405 = -4*a. What are the prime factors of p?
3, 5, 11, 83
Suppose 5*q = -3*z - 1130, -3*q + 20 = q. What are the prime factors of 7 + (-1 - z) + -1 + -1?
389
What are the prime factors of 7586/(-26551) + (-622187)/(-21) + 1/3?
2, 3, 823
Let m = -2075 + 3350. Suppose -m = -3*g + 5*b, 6*b - b = 0. Let t = 657 - g. List the prime factors of t.
2, 29
Suppose 69200 + 554152 = 49*g - 11*g. List the prime factors of g.
2, 3, 1367
Let x(p) = p**2 - p - 10. Let z be x(8). Suppose 3*i - 383 - z = -5*w, -w = -4*i + 595. What are the prime factors of i?
2, 37
Suppose -2*q = -q + 3, 4*q = 5*b - 12. Suppose b*k - 9*k = -1080. Let d = -86 + k. What are the prime factors of d?
2, 17
Let m be ((-4422)/77)/((-1)/(-21)). Let d = m - -1757. List the prime factors of d.
19, 29
Suppose -5*j + w = -3*j - 185, 0 = 5*j - 3*w - 462. Let y be ((-8)/(-10))/((-2)/155). Let u = y + j. What are the prime factors of u?
31
Suppose 0 = 5*s - 73 + 13. Suppose 11*r - s*r = -75. Let g = r + -46. What are the prime factors of g?
29
Let a = 325 - -9471. What are the prime factors of a?
2, 31, 79
Let w = -61 - -689. Suppose 0 = 5*r + 4*u - 1546, 7*r - 9*r - 4*u + w = 0. List the prime factors of r.
2, 3, 17
List the prime factors of ((-69)/(-12)*(-111 + 13))/(6/(-756)).
3, 7, 23
Let m be (-2 - (-16)/9) + 159656/63. Let n = m + -692. What are the prime factors of n?
2, 3, 307
Let o be (-1 + 1156/(-20))/(1/(-50)). Suppose -4*n = -5*p - 2914 + 1, -4*p + o = 4*n. List the prime factors of n.
2, 3, 61
What are the prime factors of (179991/(-27) + -10)*-3?
20029
Let j = 57 - 46. Let w = j + -8. Suppose 6*f - 579 = w*f. List the prime factors of f.
193
Let l = 158 - -119. Let v = -551 + l. Let b = -116 - v. List the prime factors of b.
2, 79
Let n be 611 - -4*(-21)/(-28). Let w = 941 - n. List the prime factors of w.
3, 109
Suppose -3*w - 1808 = -305. Let v = -189 - w. What are the prime factors of v?
2, 3, 13
Let f = 2491 - -6260. List the prime factors of f.
3, 2917
Suppose 3*k + 4*j - 8818 = 0, -5*k + 7*k = 3*j + 5873. What are the prime factors of k?
2, 13, 113
Let g be -182 - (-6 - -2 - -2). Let x = g - -217. What are the prime factors of x?
37
Let p = 309 + -89. Let k = p - 48. What are the prime factors of k?
2, 43
Suppose -2*d = -3*d + 2. Let r(j) = -15*j - 8 + j**d + 5*j**2 + 5*j. List the prime factors of r(5).
2, 23
What are the prime factors of (-4545)/(-18)*(14 + 4/(-1))?
5, 101
Let p(b) = -2*b**2 + 11*b + 5. Let l be p(6). Let h(x) = -21*x**3 - 3*x**2 - x + 2. Let w be h(l). What are the prime factors of 166 + 7/(w/9)?
13
What are the prime factors of (5/(125/(-28070)))/(((-6)/(-10))/(-3))?
2, 7, 401
Let v = 1814 - -517. What are the prime factors of v?
3, 7, 37
What are the prime factors of (2740524/(-371))/(2/(-7))?
2, 3, 31, 139
Suppose 3*o - 74*y - 10882 = -75*y, -5*o + 18137 = 2*y. What are the prime factors of o?
3, 13, 31
Let r = 36687 + -7949. List the prime factors of r.
2, 14369
Let m be (-2)/(10/(-59)) - (-5)/25. Let w be ((-1239)/(-2))/7*(-272)/m. What are the prime factors of 8/32 - w/8?
251
Suppose 20*i + 32 = 12*i. Let c(z) = 28*z**2 - 11*z - 6. List the prime factors of c(i).
2, 3
Suppose 7*m + 196 = 1435. Let q = 117 - m. Let h = 42 - q. What are the prime factors of h?
2, 3, 17
Suppose -5*p + 6634 = 2*m, p - 13256 = -4*m - 3*p. Suppose -15*n - m = -3*n. List the prime factors of (-9 - -10)/((-2)/n).
2, 3, 23
Suppose r - 92720 = -24*w + 20*w, 4*r - 92720 = -4*w. List the prime factors of w.
2, 5, 19, 61
Suppose 98*n - 88433 = 2310607. List the prime factors of n.
2, 3, 5, 17
Suppose 19928 = -0*l + 3*l - 2*b, -33196 = -5*l - b. Suppose 13*p = -2714 + l. What are the prime factors of 1/(8 - 5